{"id":618,"date":"2023-03-25T14:51:44","date_gmt":"2023-03-25T14:51:44","guid":{"rendered":"https:\/\/designdisaster.unibz.it\/2023\/?page_id=618"},"modified":"2023-03-27T20:34:51","modified_gmt":"2023-03-27T20:34:51","slug":"re-systeming-our-world-looking-into-and-beyond-the-end-of-winter","status":"publish","type":"page","link":"https:\/\/designdisaster.unibz.it\/2023\/people\/re-systeming-our-world-looking-into-and-beyond-the-end-of-winter\/","title":{"rendered":"<s>Re-systeming our world: Looking into and beyond the end of winter<\/s>"},"content":{"rendered":"\n<h2 class=\"wp-block-heading\"><strong>Re-systeming our world: Looking into and beyond the end of winter<\/strong><\/h2>\n\n\n\n<h3 class=\"wp-block-heading\">ReSystem Lab<\/h3>\n\n\n\n<p>Morning session (10:00-12:00): The working group is open to experts and stakeholders to start reflecting and sharing ideas and experiences around the topic the \u201cEnd of Winter\u201d from a multidisciplinary perspective and diverse practices. A \u201cMore-Than-Human approach\u201d will be used by collaborating with an AI as a tool for supporting the dialogue within the Working Session.&nbsp;<\/p>\n\n\n\n<div style=\"height:10px\" aria-hidden=\"true\" class=\"wp-block-spacer\"><\/div>\n\n\n\n<p>Afternoon session (13:00-15:00): Starting from the morning session&#8217;s outcomes, it will be a hands-on workshop for speculative scenario building about topics, like climate change, food systems, systemic design. We will collaborate with an AI as a tool to produce generated images representing a visual synthesis of the ideas.<\/p>\n\n\n\n<p><\/p>\n\n\n\n<p>Are we really facing the <em><strong>End of Winter<\/strong><\/em>?<\/p>\n\n\n\n<p>In this workshop, we will be exploring the potential future impacts of climate change on the winter season in the Trentino Alto-Adige\/Sudtyrol region, imagining both utopian and dystopian scenarios that could emerge from this transition. As the impacts of climate change continue to intensify, the winter season in the Trentino Alto-Adige\/Sudtyrol region is becoming increasingly uncertain. While this could pose significant challenges to many systems, including energy production, agriculture, and tourism, it could also present opportunities for innovative solutions that help to mitigate the impacts of climate change.<\/p>\n\n\n\n<p>Over the past decade, there has been a growing recognition of the urgent need to address the socio-environmental and technical challenges posed by the <em><strong>new Climatic Regime<\/strong><\/em> described by Bruno Latour. The increasing impact of global warming has highlighted the need for proactive action to address the irreversible changes that are already underway and anticipate the potential massive changes that could result. As noted by IPCC\u2019s latest report, the impacts of climate change are accelerating and no single action will be sufficient to avoid the most severe impacts. Therefore, a participatory multiscale perspective is essential to address the issue in a comprehensive way, considering the social and environmental impacts of climate change across different scales and involving diverse stakeholders in the decision-making process.<\/p>\n\n\n\n<p>To tackle this challenge, we propose an approach that begins by recognizing the complexity and urgency of the issue at hand, acknowledging the irreversible changes that are already underway. From there, we can engage in a participatory multiscale perspective to explore the potential impacts and generate ideas for innovative solutions. Our approach involves bringing together experts from various disciplines, such as food scientists, designers, and farmers, to collaboratively map the complex web of problems and systems affected by climate change. By engaging with artificial intelligence and using the methods and projections of Design Fiction, we can envision possible future scenarios and generate ideas for new product-service systems that could help mitigate the impacts of climate change.<\/p>\n\n\n\n<p>Our approach is grounded in the recognition that the challenges posed by climate change require a multidisciplinary and participatory approach that engages diverse stakeholders in the decision-making process. Participatory approaches have been found to be effective in addressing complex socio-environmental challenges and promoting sustainable development. Furthermore, a multiscale perspective is essential to understanding the interconnected nature of social and environmental systems and identifying the potential impacts of climate change across different scales (O\u2019Brien et al., 2009). By adopting a participatory multiscale perspective, we can develop innovative and comprehensive solutions that address the challenges posed by the contemporary Climatic Regime.<\/p>\n\n\n\n<p>Moreover it involves recognizing the urgency and complexity of the challenge posed by climate change, engaging in a participatory multiscale perspective, and using Design Fiction and artificial intelligence to generate innovative solutions. By working collaboratively across disciplines and engaging diverse stakeholders in the decision-making process, we can develop solutions that are effective, sustainable, and equitable, helping to create a more resilient future for all.<\/p>\n\n\n\n<p><strong>References:.<\/strong><\/p>\n\n\n\n<p><em>O\u2019Brien, K., Sygna, L., &amp; Haugen, J. E. (2009). Vulnerable or resilient? A multi-scale assessment of climate impacts and vulnerability in Norway. Climatic Change, 102(1-2), 293-302.<\/em><\/p>\n\n\n\n<p><strong>Workshop Program<\/strong><\/p>\n\n\n\n<p>10.00 \u2013 10.30 Welcome and introduction<br><strong>Presentation of the ReSystem Lab + launch of \u201cThe End of Winter\u201d workshop<\/strong><br><em>Nitzan Cohen<\/em>, Design Friction Lab, Faculty of Design and Arts, unibz<br><em>Stefano Maffei<\/em>, Polifactory, Department of Design, Politecnico di Milano<\/p>\n\n\n\n<p>10.30 \u2013 12.00 Workgroup session<br><strong>Sharing ideas and experiences on the \u201cEnd of Winter\u201d from a multidisciplinary perspective and diverse practices.<\/strong><br>Invited stakeholders:<br><em>Elizabeth Tauber<\/em>, anthropologist, Faculty of Education, unibz<br><em>Giacomo Bertoldi <\/em>and <em>Michele Bozzoli,<\/em> climate researchers, EURAC Research<br><em>Noa Paul, <\/em>entrepreneur and hemp producer, Ecopassion<br><em>Urban Piccolruaz<\/em>, wine producer, Laimburg Research Centre (To be confirmed)<\/p>\n\n\n\n<p>12.00 \u2013 13.00 Break (lunch)<\/p>\n\n\n\n<p>13.00 \u2013 15.30 Workshop<br><strong>Generating ideas looking inside and beyond the \u201cEnd of Winter\u201d<\/strong><br>Participants: master\u2019s degree and PhD students from unibz<\/p>\n\n\n\n<div style=\"height:23px\" aria-hidden=\"true\" class=\"wp-block-spacer\"><\/div>\n\n\n\n<p><em>Bios<br>Prof. Stefano Maffei, Architect, and Ph.D. in design. Full Professor at the School of Design, Politecnico di Milano, he teaches advanced product-service systems and production models, contemporary design phenomenology and service design. He is co-founder and scientific director of Polifactory (polifactory.polimi.it) the makerspace of Politecnico di Milano. He is currently the Director of the specializing Masters in Service Design and Design for Food at POLI.Design. His current research interests are focused on service design-driven innovation, systems design, user and patient innovation, circular innovation, and advanced and urban manufacturing, design for food systems, new production-distribution models.<\/em><\/p>\n\n\n\n<div style=\"height:10px\" aria-hidden=\"true\" class=\"wp-block-spacer\"><\/div>\n\n\n\n<p><em>Prof. Massimo Bianchini, PhD in design. Associate Professor at the Department of Design, Politecnico di Milano. He teaches integrated product design and open and distributed design at the School of Design. Graduating at Fab Academy in 2015, he is co-founder and lab manager of Polifactory (polifactory.polimi.it), the makerspace of Politecnico di Milano. His current research interests are focused on open and distributed design and production, systems design, self-production, indie innovation, user and patient innovation, circular innovation, and design for food systems.<\/em><\/p>\n\n\n\n<div style=\"height:10px\" aria-hidden=\"true\" class=\"wp-block-spacer\"><\/div>\n\n\n\n<p><em>Prof. Nitzan Cohen &#8211; Design Friction Lab,&nbsp;Faculty of Design and Art, unibz<br>Nitzan Cohen is a designer, a professor for product design and the Dean of the Faculty of Design and Art, at the Free University of Bolzano (unibz); where he founded the \u2018Design Friction Lab\u2019 an interdisciplinary Research and Design Lab looking for innovative sustainable solutions for an industrial and societal transformation. Under his direction the Lab is currently active in the fields of growing materials, the future of open-source production and sustainable Nano-electronics. Cohen won several international design awards, and his designs and art-direction works are part of the most renowned design collections worldwide.<\/em><\/p>\n\n\n\n<div style=\"height:10px\" aria-hidden=\"true\" class=\"wp-block-spacer\"><\/div>\n\n\n\n<p><em>Prof. Se\u00e7il Ugur Yavuz &#8211; Design Friction Lab,&nbsp;Faculty of Design and Art, unibz<br>Se\u00e7il U\u011fur Yavuz is an associate professor at Free University of Bozen-Bolzano, Faculty of Design and Art. She has a PhD in Design, from Politecnico di Milano. Through participatory design and co-design methods, her research situates in contexts such as Fablabs, makerspaces and schools, engaging with children, makers, and crafters. Her research aims at opening debate and stimulating new visions of interaction within the entanglement of our socio and technological spheres towards sustainable and desirable future(s).<\/em><\/p>\n\n\n\n<div style=\"height:10px\" aria-hidden=\"true\" class=\"wp-block-spacer\"><\/div>\n\n\n\n<p><em>Dr. Camilo Ayala Garcia &#8211; Design Friction Lab,&nbsp;Faculty of Design and Art, unibz<br>Camilo Ayala Garcia is a researcher at Free University of Bozen-Bolzano, Faculty of Design and Art. He obtained his Ph.D. degree on the topic of Do-It-Yourself Materials as triggers of change at Politecnico di Milano. Together with his teaching activities, Camilo devotes his research to local materials and products development, with several patents granted as well as different academic contributions published<\/em>.<\/p>\n\n\n\n<div class=\"wp-block-columns is-layout-flex wp-container-core-columns-is-layout-9d6595d7 wp-block-columns-is-layout-flex\">\n<div class=\"wp-block-column is-layout-flow wp-block-column-is-layout-flow\" style=\"flex-basis:33.33%\"><div class=\"wp-block-image\">\n<figure class=\"alignright size-full is-resized\"><a href=\"https:\/\/designdisaster.unibz.it\/2023\/people\/\"><img loading=\"lazy\" decoding=\"async\" src=\"https:\/\/designdisaster.unibz.it\/2023\/wp-content\/uploads\/2023\/03\/DOD_23_arrow.png\" alt=\"hand drawn arrow\" class=\"wp-image-226\" width=\"268\" height=\"268\" srcset=\"https:\/\/designdisaster.unibz.it\/2023\/wp-content\/uploads\/2023\/03\/DOD_23_arrow.png 500w, https:\/\/designdisaster.unibz.it\/2023\/wp-content\/uploads\/2023\/03\/DOD_23_arrow-300x300.png 300w, https:\/\/designdisaster.unibz.it\/2023\/wp-content\/uploads\/2023\/03\/DOD_23_arrow-150x150.png 150w\" sizes=\"auto, (max-width: 268px) 100vw, 268px\" \/><\/a><\/figure>\n<\/div><\/div>\n\n\n\n<div class=\"wp-block-column is-layout-flow wp-block-column-is-layout-flow\" style=\"flex-basis:66.66%\"><\/div>\n<\/div>\n","protected":false},"excerpt":{"rendered":"<p>Re-systeming our world: Looking into and beyond the end of winter ReSystem Lab Morning session (10:00-12:00): The working group is open to experts and stakeholders to start reflecting and sharing ideas and experiences around the topic the \u201cEnd of Winter\u201d from a multidisciplinary perspective and diverse practices. A \u201cMore-Than-Human approach\u201d will be used by collaborating [&hellip;]<\/p>\n","protected":false},"author":2,"featured_media":381,"parent":454,"menu_order":0,"comment_status":"closed","ping_status":"closed","template":"","meta":{"csbAdvScrollBarCursor":"","_eb_attr":"","footnotes":""},"class_list":["post-618","page","type-page","status-publish","has-post-thumbnail","hentry"],"_links":{"self":[{"href":"https:\/\/designdisaster.unibz.it\/2023\/wp-json\/wp\/v2\/pages\/618","targetHints":{"allow":["GET"]}}],"collection":[{"href":"https:\/\/designdisaster.unibz.it\/2023\/wp-json\/wp\/v2\/pages"}],"about":[{"href":"https:\/\/designdisaster.unibz.it\/2023\/wp-json\/wp\/v2\/types\/page"}],"author":[{"embeddable":true,"href":"https:\/\/designdisaster.unibz.it\/2023\/wp-json\/wp\/v2\/users\/2"}],"replies":[{"embeddable":true,"href":"https:\/\/designdisaster.unibz.it\/2023\/wp-json\/wp\/v2\/comments?post=618"}],"version-history":[{"count":8,"href":"https:\/\/designdisaster.unibz.it\/2023\/wp-json\/wp\/v2\/pages\/618\/revisions"}],"predecessor-version":[{"id":769,"href":"https:\/\/designdisaster.unibz.it\/2023\/wp-json\/wp\/v2\/pages\/618\/revisions\/769"}],"up":[{"embeddable":true,"href":"https:\/\/designdisaster.unibz.it\/2023\/wp-json\/wp\/v2\/pages\/454"}],"wp:featuredmedia":[{"embeddable":true,"href":"https:\/\/designdisaster.unibz.it\/2023\/wp-json\/wp\/v2\/media\/381"}],"wp:attachment":[{"href":"https:\/\/designdisaster.unibz.it\/2023\/wp-json\/wp\/v2\/media?parent=618"}],"curies":[{"name":"wp","href":"https:\/\/api.w.org\/{rel}","templated":true}]}}